 - 4*b = s. Calculate the remainder when l(4) is divided by d.
7
What is the remainder when 24 is divided by 24/2 - (2 - -1)?
6
Let h(c) = -c**2 - 3*c + 5. Let b be h(-4). Calculate the remainder when b/((-94)/32 - -3) is divided by 10.
6
Let k(j) = j - 2. Let h = -15 - -9. Let q = -3 - h. What is the remainder when 2 is divided by k(q)?
0
Let x = -62 + 119. What is the remainder when x is divided by 12?
9
Suppose -9*z = -8*z + 18. Calculate the remainder when 16 is divided by 4/z + 517/99.
1
Suppose 4*a + 13 - 41 = 0. Calculate the remainder when 9 is divided by a.
2
Let v(y) = y**2 + 5*y - 3. Let k(u) = 5*u**2 + 21*u - 13. Let h(g) = 2*k(g) - 9*v(g). What is the remainder when h(-3) is divided by 7?
5
Let w = 4 + 1. Suppose -60 = -3*h - w*s, h + 6*s - 10 = s. Calculate the remainder when h is divided by (27/6)/((-1)/(-2)).
7
Suppose 2*m + 16 = u - m, -5*u = -3*m - 92. Calculate the remainder when u is divided by 11.
8
Suppose 3*t - 8 - 7 = 0. Suppose y + 3*z - 14 = 0, t*y - 6*z = -z + 90. Calculate the remainder when y is divided by (-16)/(-6)*18/8.
5
Let x = -5 + 15. Let g(b) = -b**3 + 2*b**2 + 3*b + 4. Calculate the remainder when x is divided by g(3).
2
Let o = -39 + 42. Calculate the remainder when 8 is divided by o.
2
Suppose -3*g = -3*d - 27, g = -3*g - d + 16. Let m = g + -1. Calculate the remainder when 41/m - (-2)/(-8) is divided by 4.
2
Let m(s) = -s**2 - 8*s - 4. Let o be (-3)/5 + (-1032)/(-20). Let h = -31 + o. Calculate the remainder when h is divided by m(-3).
9
Calculate the remainder when 344/16 - (-2)/4 is divided by 12.
10
What is the remainder when 41 is divided by (21/(-9))/(3/(-18))?
13
Let a = -2 + 22. Let q = a - 4. Calculate the remainder when 46 is divided by q.
14
Let y = -280 + 291. What is the remainder when (0 - 0) + (-42)/(-1) is divided by y?
9
Let r(o) = o**2 + 9*o + 8. Let g be r(-8). Suppose 5*s + 25 = g, -13 + 0 = -v + s. Calculate the remainder when 14 is divided by v.
6
Suppose 2*m - 3 + 1 = 0. Let b = -19 - -21. What is the remainder when 40 is divided by (m - -8)*b - -3?
19
Suppose 4*c - 10 = -2. Suppose p = -2*b - c*b + 45, 3*b = -3*p + 36. Calculate the remainder when 31 is divided by b.
9
Let w(z) = z**2 + 4*z - 1. Suppose -5*a - 20 + 55 = 0. Let r = 11 - a. What is the remainder when w(r) is divided by 11?
9
What is the remainder when 22 is divided by (-5)/(-2*5/12)?
4
Let n(f) = -f**2 + 11*f - 5. What is the remainder when 48 is divided by n(9)?
9
Let l(h) = h**3 + 8*h**2 + 6*h + 2. Suppose z + 7 = 2*i - 0*z, 4*i = -2*z + 26. Suppose 27 + 53 = i*r. What is the remainder when r is divided by l(-7)?
7
Let y = 25 - 21. What is the remainder when 10 is divided by y?
2
What is the remainder when (-4)/((-8)/(-111))*(-12)/6 is divided by 29?
24
Suppose -3*p = 155 - 491. Calculate the remainder when p is divided by 58.
54
Let q(g) = -g**2 + 7*g - 7. Let y be q(7). Let t = y - -32. What is the remainder when t is divided by 9?
7
Let m = -3 - -12. What is the remainder when m is divided by 3?
0
Let u(k) = -k**2 - k + 7. Let r be u(0). Let m = r + -4. Let h = 13 - 8. Calculate the remainder when h is divided by m.
2
Let i = -3 - -5. Let y(s) = -s**2 - 6*s + 7. Let p be y(-6). Suppose -2 = 3*o - p*o + 2*t, 17 = 4*o + t. What is the remainder when o is divided by i?
1
Let m(f) = -f**3 - 12*f**2 - 12*f - 6. Calculate the remainder when m(-11) is divided by 3.
2
Let m(h) = 3*h**2 - h - 1. Let b be m(2). Suppose 5*r = b + 1. What is the remainder when 3 is divided by r?
1
Let a(l) = 4*l - 6. Let i = -178 + 183. Calculate the remainder when a(5) is divided by i.
4
Let i(w) = w**3 - 4*w**2 - 3*w - 7. Let r be i(5). Suppose 3 = r*x - 2*x, -24 = -3*b - 5*x. Let n = b - -12. What is the remainder when n is divided by 8?
7
Let z = -18 + 18. Suppose 0 = -z*k + 3*k + 5*n - 62, 4*n + 32 = k. Calculate the remainder when k is divided by 14.
10
Let o(r) = r**2 - 2*r. Let l be o(2). Calculate the remainder when 4*1/8*10 is divided by (-1 - l)*(-5 + 2).
2
Calculate the remainder when 61 is divided by 17 - (-1 - (-2 - 0)).
13
Let y(a) = -a**2 + 7*a. Let t be y(7). Let p be ((-16)/4)/(2/(-3)). Let r = p + t. Calculate the remainder when 16 is divided by r.
4
Let d(i) = 6*i - 6. Calculate the remainder when d(6) is divided by 8.
6
Let p = 30 + -14. Suppose -3*l + 5*l = p. Calculate the remainder when 31 is divided by l.
7
Let f = 1 - 0. Let m be f - 1/(-1)*79. Suppose -5*l + l + m = 0. Calculate the remainder when l is divided by 11.
9
Let c(v) = 50*v**2 - v + 2. Let u be c(-2). Suppose -2*f = f - u. Suppose -3*z + 1 + 68 = 0. Calculate the remainder when f is divided by z.
22
Suppose -2*i + 3*s + 10 = 0, -2*i - 5*s = -6*i + 20. Suppose -2*d = -4*t + 22, 5*d + 0 = -2*t + i. Calculate the remainder when 13 is divided by t.
3
Suppose 2*f = 4 - 0. What is the remainder when ((-4)/f + -51)*-1 is divided by 18?
17
Let q(f) = -f**3. Let d be q(0). Suppose m - 4*s + 4 = d, -8 - 15 = -m - 5*s. What is the remainder when m is divided by 3?
2
Let r(c) = 6*c + 5. Let i be r(4). Suppose k - i = -0*k. What is the remainder when k is divided by 8?
5
Suppose 5*s - 100 - 5 = 0. Calculate the remainder when (s/(-5))/(7/(-35)) is divided by 11.
10
Let j(s) = -16*s**3. Let g be j(-1). Suppose -2*d + d = g. What is the remainder when 2/8 + (-540)/d is divided by 18?
16
Let f = 14 - -6. Calculate the remainder when 55 is divided by f.
15
Suppose 6*w - 5*i = 5*w + 11, 0 = 2*w + i - 33. What is the remainder when w is divided by 9?
7
Let u = -64 - -70. Calculate the remainder when 8 is divided by u.
2
Let w = 64 + -37. What is the remainder when w is divided by 15?
12
Let j = -2 - 1. What is the remainder when (-1)/((-165)/54 - j) is divided by 5?
3
Calculate the remainder when (9/(-3))/((-6)/32) is divided by 9.
7
Let z(u) = 2*u - 6*u + 3*u + u**3 - u**2 + 14. Let w(p) = 8*p**2 + 2*p + 2. What is the remainder when z(0) is divided by w(-1)?
6
Let q(p) = 4*p**2. Let a be q(2). What is the remainder when 27/(-6)*a/(-6) is divided by 5?
2
Suppose 3*a + 0*a - 15 = 0. Let u = 22 - a. What is the remainder when u is divided by 9?
8
Suppose -4*p + 4*s = -124, 0*p - 3*p = -2*s - 98. Calculate the remainder when 67 is divided by p.
31
Let r(j) = -6*j - 28. Calculate the remainder when r(-9) is divided by 14.
12
Calculate the remainder when 62 - (0/(-2) + 4) is divided by 15.
13
What is the remainder when (-46175)/(-225) - 2/9 is divided by 16?
13
Let c = 40 + -16. What is the remainder when 70 is divided by c?
22
Calculate the remainder when 62 is divided by 3 + (105/9)/(-5)*-6.
11
Suppose 5*i - 4*v - 43 = 0, 4*i - 5*i = 4*v + 1. Let x = -4 + i. What is the remainder when x is divided by 2?
1
Suppose 7*a + 50 = 9*a. Let w be -2*9/(-2)*1. Let u = w + 4. What is the remainder when a is divided by u?
12
Calculate the remainder when 61 + 6 - (2 - 2) is divided by 17.
16
Let l = 25 - 17. Suppose 4*f - 7 - 13 = -2*v, -3*f = 3*v - 21. Calculate the remainder when (1/f)/(7/609) is divided by l.
5
Let w = -8 + 13. Let l(q) = q**2 - 2*q + 5. Calculate the remainder when 58 is divided by l(w).
18
Suppose a - 4*j - 30 = 0, 3*a - 2*j - 90 = -0*j. What is the remainder when 88 is divided by a?
28
Let o = 44 - 27. Calculate the remainder when 65 is divided by o.
14
Let d(z) = -z + 1. Calculate the remainder when 74/6 + (-2)/(-3) is divided by d(-6).
6
Suppose -3*y = -7*j + 3*j - 77, 3*j = 3*y - 75. What is the remainder when 68 is divided by y?
22
Let c(m) = m**3 + 8*m**2 + 5*m + 10. Calculate the remainder when 47 is divided by c(-7).
23
Calculate the remainder when 7 is divided by 3*(0 + (-8)/(-12)).
1
Let y(j) = -2*j**3 + 6*j + 11. Calculate the remainder when y(-4) is divided by 24.
19
Suppose 0 = 6*j - 1 - 335. Calculate the remainder when j is divided by 20.
16
Let r(y) = y**3 + 8*y**2 - 8*y + 13. Let t be r(-9). Suppose t*h - 2*h = 8. Calculate the remainder when 14 is divided by h.
2
Let s(h) = h**2 + 13*h + 5. What is the remainder when 91 is divided by s(-14)?
15
Let l(o) = -o**3 - o + 9. Suppose -s - 2*s = 0. Let k be l(s). Let x = -5 + k. Calculate the remainder when 6 is divided by x.
2
Suppose 0 = 5*z - 23 - 2. Let m be (-8)/20 - 4/(-10). Suppose 3*c = -m*c + 6. Calculate the remainder when z is divided by c.
1
Suppose -4*n = 3*n - 126. Calculate the remai